{"id":4269,"date":"2023-03-24T16:25:49","date_gmt":"2023-03-24T14:25:49","guid":{"rendered":"http:\/\/moshop.ch\/andise\/?page_id=4269"},"modified":"2026-05-06T15:16:59","modified_gmt":"2026-05-06T13:16:59","slug":"impressum","status":"publish","type":"page","link":"https:\/\/moshop.ch\/andise\/?page_id=4269","title":{"rendered":"\u00dcBER UNS"},"content":{"rendered":"\t\t<div data-elementor-type=\"wp-page\" data-elementor-id=\"4269\" class=\"elementor elementor-4269\">\n\t\t\t\t\t\t\t\t\t<section class=\"elementor-section elementor-top-section elementor-element elementor-element-3366095b elementor-section-boxed elementor-section-height-default elementor-section-height-default\" data-id=\"3366095b\" data-element_type=\"section\">\n\t\t\t\t\t\t<div class=\"elementor-container elementor-column-gap-default\">\n\t\t\t\t\t<div class=\"elementor-column elementor-col-100 elementor-top-column elementor-element elementor-element-424e231e\" data-id=\"424e231e\" data-element_type=\"column\">\n\t\t\t<div class=\"elementor-widget-wrap elementor-element-populated\">\n\t\t\t\t\t\t\t\t<div class=\"elementor-element elementor-element-605a76ea elementor-widget elementor-widget-text-editor\" data-id=\"605a76ea\" data-element_type=\"widget\" data-widget_type=\"text-editor.default\">\n\t\t\t\t<div class=\"elementor-widget-container\">\n\t\t\t<style>\/*! elementor - v3.11.5 - 14-03-2023 *\/\n.elementor-widget-text-editor.elementor-drop-cap-view-stacked .elementor-drop-cap{background-color:#818a91;color:#fff}.elementor-widget-text-editor.elementor-drop-cap-view-framed .elementor-drop-cap{color:#818a91;border:3px solid;background-color:transparent}.elementor-widget-text-editor:not(.elementor-drop-cap-view-default) .elementor-drop-cap{margin-top:8px}.elementor-widget-text-editor:not(.elementor-drop-cap-view-default) .elementor-drop-cap-letter{width:1em;height:1em}.elementor-widget-text-editor .elementor-drop-cap{float:left;text-align:center;line-height:1;font-size:50px}.elementor-widget-text-editor .elementor-drop-cap-letter{display:inline-block}<\/style>\t\t\t\t<p><img loading=\"lazy\" decoding=\"async\" class=\"wp-image-7624 aligncenter\" src=\"https:\/\/moshop.ch\/andise\/wp-content\/uploads\/2026\/05\/cropped-Moshop_Logo_New-scaled-1-900x171.png\" alt=\"\" width=\"677\" height=\"128\" srcset=\"https:\/\/moshop.ch\/andise\/wp-content\/uploads\/2026\/05\/cropped-Moshop_Logo_New-scaled-1-900x171.png 900w, https:\/\/moshop.ch\/andise\/wp-content\/uploads\/2026\/05\/cropped-Moshop_Logo_New-scaled-1-768x146.png 768w, https:\/\/moshop.ch\/andise\/wp-content\/uploads\/2026\/05\/cropped-Moshop_Logo_New-scaled-1-1536x293.png 1536w, https:\/\/moshop.ch\/andise\/wp-content\/uploads\/2026\/05\/cropped-Moshop_Logo_New-scaled-1-2048x390.png 2048w, https:\/\/moshop.ch\/andise\/wp-content\/uploads\/2026\/05\/cropped-Moshop_Logo_New-scaled-1-1920x366.png 1920w, https:\/\/moshop.ch\/andise\/wp-content\/uploads\/2026\/05\/cropped-Moshop_Logo_New-scaled-1-800x152.png 800w\" sizes=\"auto, (max-width: 677px) 100vw, 677px\" \/><\/p><p><!-- SEKTION 1: QUALIT\u00c4T --><\/p><h2 class=\"has-text-align-center\" style=\"font-style: normal; font-weight: bold; letter-spacing: 1.5px; text-transform: uppercase; font-size: 32px;\"><strong>QUALIT\u00c4T DIE MAN TR\u00c4GT, UND HANDWERK DAS \u00dcBERZEUGT<\/strong><\/h2><p class=\"has-text-align-center\" style=\"font-size: 19px; font-style: normal; font-weight: 500; letter-spacing: 1.2px; text-transform: uppercase;\">BEI MOSHOP CH STEHT DAS PRODUKT IM MITTELPUNKT, DENN EIN ERSTKLASSIGER DRUCK GEH\u00d6RT AUF EIN ERSTKLASSIGES TEXTIL. WIR W\u00c4HLEN UNSERE KLEIDUNG MIT GR\u00d6SSTER SORGFALT AUS UND ACHTEN AUF LANGLEBIGE MATERIALIEN SOWIE HOCHWERTIGE VERARBEITUNG. UNSER ZIEL IST ES, BESTE TEXTILIEN ZU EINEM FAIREN UND TRANSPARENTEN PREIS F\u00dcR ALLE ZUG\u00c4NGLICH ZU MACHEN.<\/p><p class=\"has-text-align-center\" style=\"font-size: 19px; font-style: normal; font-weight: 500; letter-spacing: 1.2px; text-transform: uppercase;\">UNSERE DRUCKPRODUKTE WERDEN VOLLST\u00c4NDIG IN UNSEREM EIGENEN BETRIEB IN DER SCHWEIZ GEFERTIGT. ALLE VORBEREITUNGSSTUFEN DER DRUCKPRODUKTION, VON DER ERSTELLUNG DER DRUCKDATEN UND FILME BIS HIN ZUR HERSTELLUNG VON SIEBEN UND FARBMISCHUNGEN ODER FLEXPLOTS, ERFOLGEN BEI UNS VOR ORT ODER BEI REGIONALEN PARTNERN. DADURCH SIND WIR UNABH\u00c4NGIG UND K\u00d6NNEN FLEXIBEL UND SCHNELL AUF KURZFRISTIGE AUFTR\u00c4GE REAGIEREN.<\/p><p class=\"has-text-align-center\" style=\"font-size: 19px; font-style: normal; font-weight: 500; letter-spacing: 1.2px; text-transform: uppercase;\">AUCH UNSERE PARTNERFIRMEN IM STICK UND TRANSFERDRUCK-BEREICH ARBEITEN AUSSCHLIESSLICH IN DER SCHWEIZ. DAS VERBRAUCHSMATERIAL WIRD EBENFALLS VON SCHWEIZER LIEFERANTEN BEZOGEN. MIT DIESEM ANSATZ WOLLEN WIR DIE LOKALE WIRTSCHAFT UNTERST\u00dcTZEN UND ST\u00c4RKEN.<\/p><p><!-- SEKTION 2: FAIRNESS & INHOUSE --><\/p><h2 class=\"has-text-align-center\" style=\"font-style: normal; font-weight: bold; letter-spacing: 1.5px; text-transform: uppercase; font-size: 32px;\"><strong>FAIR ZU MENSCH UND UMWELT<\/strong><\/h2><p class=\"has-text-align-center\" style=\"font-size: 19px; font-style: normal; font-weight: 500; letter-spacing: 1.2px; text-transform: uppercase;\">DER GROSSTEIL UNSERER TEXTILIEN STAMMT VON HERSTELLERN, DIE DER FAIR WEAR FOUNDATION ANGEH\u00d6REN UND SOMIT F\u00dcR ETHISCHE ARBEITSBEDINGUNGEN STEHEN. DIE GESAMTE VEREDELUNG ERFOLGT BEI UNS INHOUSE IN DER SCHWEIZ, WOBEI FAST ALLE UNSERE TRANSFERDRUCKE ZU 100% \u00d6KO-TEX ZERTIFIZIERT SIND. DURCH DIESE EIGENE PRODUKTION VOR ORT GARANTIEREN WIR DIR H\u00d6CHSTE QUALIT\u00c4TSKONTROLLE, KURZE WEGE UND EINE RUNDUM NACHHALTIGE VERARBEITUNG.<\/p><p class=\"has-text-align-center\"><img loading=\"lazy\" decoding=\"async\" width=\"1200\" height=\"540\" class=\"wp-image-4806 aligncenter\" style=\"width: 232px; height: 104px;\" src=\"https:\/\/moshop.ch\/andise\/wp-content\/uploads\/2023\/09\/FairWear-logo.svg_.png\" alt=\"FAIR WEAR LOGO\" srcset=\"https:\/\/moshop.ch\/andise\/wp-content\/uploads\/2023\/09\/FairWear-logo.svg_.png 1200w, https:\/\/moshop.ch\/andise\/wp-content\/uploads\/2023\/09\/FairWear-logo.svg_-800x360.png 800w, https:\/\/moshop.ch\/andise\/wp-content\/uploads\/2023\/09\/FairWear-logo.svg_-900x405.png 900w, https:\/\/moshop.ch\/andise\/wp-content\/uploads\/2023\/09\/FairWear-logo.svg_-768x346.png 768w\" sizes=\"auto, (max-width: 1200px) 100vw, 1200px\" \/><\/p><p><!-- SEKTION 3: INFOS --><\/p><h2 class=\"has-text-align-center\" style=\"font-style: normal; font-weight: bold; letter-spacing: 1.5px; text-transform: uppercase; font-size: 32px;\"><strong>WICHTIGE INFORMATIONEN<\/strong><\/h2><p class=\"has-text-align-center\" style=\"font-size: 19px; font-style: normal; font-weight: 500; letter-spacing: 1.2px; text-transform: uppercase;\">FALLS DU MIT DEM KLEIDUNGSST\u00dcCK NICHT ZUFRIEDEN BIST ODER ES NICHT PASST, GEBEN WIR DIR EIN 7-T\u00c4GIGES WIDERRUFSRECHT. DIE R\u00dcCKSENDEKOSTEN GEHEN JEDOCH AUF DICH. MOSHOP IST EIN SUBLABEL VON MOSILLUS MEDIA:<\/p><p class=\"has-text-align-center\" style=\"font-size: 19px; color: #808080; font-weight: 500; text-transform: uppercase;\">MOSHOP BY MOSILLUS MEDIA<br \/>BUCHWALDSTRASSE 11<br \/>CH 7312 PF\u00c4FERS<br \/>TEL: 077 226 00 66<br \/>MAIL: INFO@MOSILLUS.COM<\/p><p><!-- FOOTER \/ AGB --><\/p><p class=\"has-text-align-center\" style=\"font-size: 14px; font-style: normal; font-weight: 500; letter-spacing: 0.5px; text-transform: uppercase; border-top: 1px solid #ccc; padding-top: 20px;\">ES GELTEN DIE AGBS VON MOSILLUS.COM, WELCHE <a href=\"https:\/\/mosillus.com\/daten\/mosillus_agb_v4.pdf\">HIER<\/a> EINGESEHEN WERDEN K\u00d6NNEN. DAS IMPRESSUM FINDET IHR <a href=\"https:\/\/mosillus.com\/go\/index.php\/impressum\/\">HIER<\/a>.<\/p><p class=\"has-text-align-center\" style=\"font-size: 14px; font-style: normal; font-weight: 500; letter-spacing: 0.5px; text-transform: uppercase;\">PS: FALLS DU EIN EIGENES DESIGN DRUCKEN LASSEN WILLST, MELDE DICH PER MAIL ODER TELEFON BEI UNS. ANLIEFERUNG DRUCKDATEN: 330 X 330 MM (MAX), OB PNG, PSD, SVG ODER EPS \u2013 HAUPTSACHE IN CMYK UND MIT 600 DPI.<\/p>\t\t\t\t\t\t<\/div>\n\t\t\t\t<\/div>\n\t\t\t\t\t<\/div>\n\t\t<\/div>\n\t\t\t\t\t\t\t<\/div>\n\t\t<\/section>\n\t\t\t\t\t\t\t<\/div>\n\t\t","protected":false},"excerpt":{"rendered":"<p>QUALIT\u00c4T DIE MAN TR\u00c4GT, UND HANDWERK DAS \u00dcBERZEUGT BEI MOSHOP CH STEHT DAS PRODUKT IM MITTELPUNKT, DENN EIN ERSTKLASSIGER DRUCK GEH\u00d6RT AUF EIN ERSTKLASSIGES TEXTIL. WIR W\u00c4HLEN UNSERE KLEIDUNG MIT GR\u00d6SSTER SORGFALT AUS UND ACHTEN AUF LANGLEBIGE MATERIALIEN SOWIE HOCHWERTIGE VERARBEITUNG. UNSER ZIEL IST ES, BESTE TEXTILIEN ZU EINEM FAIREN UND TRANSPARENTEN PREIS F\u00dcR ALLE<a class=\"more-link\" href=\"https:\/\/moshop.ch\/andise\/?page_id=4269\">weiterlesen &#10230;<\/a><\/p>\n","protected":false},"author":1,"featured_media":0,"parent":0,"menu_order":0,"comment_status":"closed","ping_status":"closed","template":"","meta":{"footnotes":""},"class_list":["post-4269","page","type-page","status-publish","hentry"],"_links":{"self":[{"href":"https:\/\/moshop.ch\/andise\/index.php?rest_route=\/wp\/v2\/pages\/4269","targetHints":{"allow":["GET"]}}],"collection":[{"href":"https:\/\/moshop.ch\/andise\/index.php?rest_route=\/wp\/v2\/pages"}],"about":[{"href":"https:\/\/moshop.ch\/andise\/index.php?rest_route=\/wp\/v2\/types\/page"}],"author":[{"embeddable":true,"href":"https:\/\/moshop.ch\/andise\/index.php?rest_route=\/wp\/v2\/users\/1"}],"replies":[{"embeddable":true,"href":"https:\/\/moshop.ch\/andise\/index.php?rest_route=%2Fwp%2Fv2%2Fcomments&post=4269"}],"version-history":[{"count":224,"href":"https:\/\/moshop.ch\/andise\/index.php?rest_route=\/wp\/v2\/pages\/4269\/revisions"}],"predecessor-version":[{"id":7638,"href":"https:\/\/moshop.ch\/andise\/index.php?rest_route=\/wp\/v2\/pages\/4269\/revisions\/7638"}],"wp:attachment":[{"href":"https:\/\/moshop.ch\/andise\/index.php?rest_route=%2Fwp%2Fv2%2Fmedia&parent=4269"}],"curies":[{"name":"wp","href":"https:\/\/api.w.org\/{rel}","templated":true}]}}